 Let n be (-7)/(-21) - w/6. Calculate the highest common divisor of n and 17.
17
Let q be (8*-2)/(1*-1). Let c(w) = -w**2 - 28*w - 171. Let x be c(-11). What is the greatest common divisor of x and q?
16
Let w = -2 - -4. Let g be 264/3*(-1 + w). Suppose g = 3*f - f. What is the highest common factor of 11 and f?
11
Let n = -241 - -274. Suppose 0 = 4*x - 3*x - 99. Calculate the greatest common factor of x and n.
33
Let q = 67 + -42. Suppose 0 = -n - 3*p + 237, -3*n + 2*p - p + 671 = 0. What is the greatest common divisor of n and q?
25
Let w(f) = 8*f**3 + f**2 - f - 1. Let n be w(-1). Let u = n - -8. What is the greatest common divisor of u and 1?
1
Let b = 8 - 2. Let v be b/2*(-6)/2. Let t(q) = -q**3 - 8*q**2 - 2*q - 12. Let w be t(v). Calculate the greatest common divisor of 29 and w.
29
Let f(h) = h**3 - 8*h**2 + 9*h + 5. Let w be f(7). Let q(d) = d**3 + 7*d**2 - 2*d - 3. Let x be q(-5). What is the greatest common factor of x and w?
19
Suppose 0 = -s + 5*s - 120. Let f = 636 + -616. What is the highest common factor of s and f?
10
Let g be 4*((-12)/(-16) - 0). Suppose -g*y + 20 = -7. What is the greatest common factor of 45 and y?
9
Let l(t) = t**2 - 4*t - 30. Let m be l(-6). Calculate the highest common factor of m and 160.
10
Let j = 36 + -30. Suppose -v + j - 2 = 3*x, -2*v + 13 = x. Let h be (-1 - -1) + 2 + 5. What is the greatest common divisor of v and h?
7
Let l(z) = 27*z - 166. Let g be l(7). Let s be 5 - 1 - 2 - 1. Let x be s/3 - (-136)/6. What is the highest common factor of x and g?
23
Let i(d) = -10*d - 14. Let j be -10 + 16/(4/1). Let r be i(j). Calculate the highest common factor of 69 and r.
23
Suppose -29*s = -14*s - 630. Let i = -7 + 13. What is the greatest common factor of i and s?
6
Let h(n) = 5*n + 69. Let x be h(-11). Suppose 3*w + x - 53 = 0. Let k = -12 - -25. What is the greatest common factor of k and w?
13
Suppose l + 4 = 9. Suppose -l*d + 42 + 38 = 0. What is the highest common divisor of 40 and d?
8
Let y be -60*((-6)/(-10))/(162/(-180)). What is the greatest common factor of y and 32?
8
Let r(o) = 24*o**3 + 2*o - 1. Let y be r(1). Calculate the greatest common factor of 15 and y.
5
Suppose -5*n - 85 = -525. Let w = -31 - -31. Suppose w = -4*r + 2*r - 2*f + 18, 0 = -r - 5*f + 1. What is the highest common divisor of r and n?
11
Suppose -8*f - 6*f = -56. Suppose 200 = 6*q + f*q. What is the greatest common factor of q and 20?
20
Let w = 24 + -14. Let s be 3*(4/(-4) - (-57)/9). Suppose 0 = 5*t - 4*t - 5*h + s, -t = -2*h + 4. Calculate the greatest common factor of t and w.
2
Let a = 21 - 25. Let z = a + 24. What is the highest common factor of z and 2?
2
Let f be 9/27*-3 - -2647. Calculate the highest common divisor of f and 98.
98
Let i(q) = 2*q**3 - q + 2. Suppose a = 4 - 2. Let d be i(a). Calculate the greatest common factor of 2 and d.
2
Suppose 3*j + 160 = 4*c, 24 + 176 = 5*c - 3*j. What is the greatest common factor of c and 80?
40
Suppose -3*y = -4*y - 1, -5*y = 5*m - 105. Let k(r) = 51*r - 834. Let a be k(17). What is the highest common factor of a and m?
11
Let h(t) = -27*t + 72. Let s be h(-22). Calculate the greatest common factor of s and 18.
18
Let q = 83 - 79. What is the highest common divisor of 212 and q?
4
Let g(b) = 7*b - 10. Let j be g(11). Let u = -47 + j. Calculate the greatest common factor of 70 and u.
10
Let u(t) = 17*t - 13. Let o be u(2). Calculate the highest common divisor of 3 and o.
3
Let j be -1*5*(-16)/10. Let v be 46/14 - j/28. Suppose 5*r - 3*g = 24, 5*r - 7 - 2 = -2*g. What is the highest common divisor of v and r?
3
Let x be (-81)/63 + 1 + (-25264)/(-28). Calculate the highest common factor of x and 44.
22
Let b be ((-4)/(-8) + -5)*(-156)/18. Calculate the greatest common factor of 208 and b.
13
Suppose -12 - 51 = -3*h. Let p = -50 + h. Let o = -24 - p. Calculate the greatest common divisor of 5 and o.
5
Let m(j) = -3*j**3 - 26*j**2 - 18*j - 6. Let w be m(-8). What is the greatest common divisor of w and 2290?
10
Let n(c) = c**2 + 3*c + 4. Suppose 3*p = p - 6. Let f be n(p). Let q be (100/(-6))/(f/(-6)). Calculate the greatest common divisor of 200 and q.
25
Let q be (2 + 118/6)/(4/12). Let a be 1 - 4 - (1 - 30). Calculate the highest common factor of a and q.
13
Let r = -51 - -71. Let h be ((-15)/r)/((-5)/1800). What is the highest common divisor of h and 30?
30
Suppose -5*f = r - 2*r - 355, 285 = 4*f - r. Suppose 37*w + 194 - 1230 = 0. Calculate the highest common factor of f and w.
14
Suppose -6*f - 7*f = -156. Suppose 23*y = 17*y + f. Calculate the highest common divisor of 5 and y.
1
Let t be -1*(5 - (0 - (-1 - -1))). Let f = 6 + t. Calculate the greatest common factor of 1 and f.
1
Let f = -111 + 119. Calculate the greatest common factor of 4 and f.
4
Suppose -6*i + 2355 = 627. What is the highest common factor of 216 and i?
72
Suppose -6*r + 460 = -644. Calculate the highest common divisor of r and 69.
23
Suppose 0 = v + 2 - 1. Let r = 4 + v. Suppose r = -4*u + 39. Calculate the greatest common divisor of 18 and u.
9
Suppose -22 = -j - j - 4*s, -33 = -3*j - 5*s. Let f be ((-33)/15 + 3 + 0)*55. What is the greatest common divisor of j and f?
11
Let y be 33/55 + (1224/(-15))/(-4). What is the greatest common factor of y and 7?
7
Let d = 316 + -259. What is the highest common factor of d and 95?
19
Let d(z) = -z**3 - 18*z**2 - 47*z - 4. Let h be d(-15). Suppose -4*p + p = -6. Let w be 1*39/(p/2). Calculate the highest common divisor of w and h.
13
Let y = 615 + -600. What is the greatest common divisor of y and 1455?
15
Let v(k) = -k**2 - 7*k - 5. Let o be v(-5). Suppose o*b - 1 = 3*f, 4*b = -5*f + 24 - 1. What is the highest common divisor of 16 and b?
2
Suppose -d + 3*v + 15 = 3*d, 5*d + 2*v = -10. Suppose d = -t - 2*t + 27. What is the greatest common factor of t and 90?
9
Let u(f) = -2*f**2 - 62*f + 16. Let q be u(-27). Suppose 3*r - 97 = -10. Calculate the greatest common factor of r and q.
29
Let r(l) = 21*l**2 - 15*l + 30. Let p be r(2). Calculate the greatest common divisor of p and 168.
84
Suppose 11*c - 7*c = 704. Calculate the greatest common divisor of c and 132.
44
Let w(a) = a**3 + a**2 - 2. Let d be w(3). Let j be (-12)/15 + 1876/70 - 9. What is the greatest common divisor of d and j?
17
Let p(m) = m**3 - 6*m**2 - 9*m + 20. Let c(n) = -n + 3. Let g be c(-4). Let b be p(g). What is the greatest common factor of 6 and b?
6
Suppose 0 = 5*k - 843 - 32. What is the highest common divisor of 105 and k?
35
Suppose -2 = -3*x + 4. Let p(b) = -b**3 - 10*b**2 + 13*b + 27. Let s be p(-11). Suppose 9*k + s = 14. What is the highest common factor of k and x?
1
Let z(n) = 19*n - 29. Let y = 2 - -5. Let r be z(y). Calculate the highest common factor of r and 13.
13
Suppose 3*q = -4*z + 10, -1 = -3*q + 19*z - 14*z. Let v = 13 - 18. Let o = v - -13. What is the greatest common factor of q and o?
2
Let f be 1 + 21/(-14) - (-5)/2. Calculate the highest common divisor of 162 and f.
2
Let j(a) = 3*a + 66. Let l be j(-19). Calculate the greatest common factor of 63 and l.
9
Let b = 29 - 28. Let q be (b + -3)/((-12)/114). Calculate the highest common divisor of 209 and q.
19
Let v = -60 + 62. Suppose 21 = v*h - 19. What is the highest common factor of h and 12?
4
Let i = 2230 - 2220. Calculate the greatest common factor of i and 410.
10
Let m be 1/(12/158424*14). What is the highest common factor of 82 and m?
41
Suppose -4*x = -5*l - 60, -4*l + 56 = -4*x + 6*x. Suppose 2*t - x = -c, 4*t - c = 2*t + 28. What is the highest common divisor of t and 60?
12
Let f(m) be the third derivative of m**5/60 - 5*m**4/24 + 2*m**3/3 + m**2. Let k be f(7). Calculate the greatest common divisor of k and 27.
9
Suppose -5543 = -3*m - 1334. Calculate the greatest common factor of 23 and m.
23
Let k(a) = -a + 548. Let m be k(16). What is the highest common factor of m and 304?
76
Let d be ((-2)/4)/((-1)/2). Suppose -4*i = 5*n - 19, d = 5*i - 2*n + 2. Let j be i/(4*(-4)/(-160)). Calculate the highest common factor of j and 15.
5
Let r be (25/(500/(-48)))/(4/(-250)). Calculate the greatest common divisor of r and 15.
15
Let f be (-1)/(-2*1/36). Let m = -1021 + 1024. Calculate the highest common divisor of f and m.
3
Let r(x) be the second derivative of x**4/12 - 5*x**3/6 + 15*x. Let o be r(13). What i